e a(4). Suppose p*w - 77 = 55. Is w composite?
True
Let v = -3 + 378. Let x = -199 + v. Suppose -4*g + l + 69 = -2*g, 5*g - x = -l. Is g composite?
True
Let u = 1 + 1. Suppose 22 = 4*p - u*d, -4*p + 7*p - 5*d - 13 = 0. Let j = p - 3. Is j prime?
True
Suppose 2*z = -3*c + 1390, 3*z - 338 = -c + 1761. Is z composite?
False
Let j = -196 - -138. Let q = 135 + j. Is q a prime number?
False
Suppose 0 = -6*d + 767 - 5. Is d a composite number?
False
Let m(x) = -7*x**2 + 7*x**2 + 100*x**3 + 1 + 230*x**3. Is m(1) a prime number?
True
Let i be 86/(-10) + 4/(-10). Let r = i - -18. Is 1 + -1 - (-1 - r) a prime number?
False
Suppose 3*s + 0*y + 3*y = -6, -s + 10 = -2*y. Let n be -12 + 4 + s/2. Let z = 28 + n. Is z composite?
True
Let i(w) = 0*w + 2*w + 4*w**2 + 3 - 5*w. Let t be i(2). Let c = -6 + t. Is c composite?
False
Let c be (-2 - 3)/(-1 - 0). Let h(j) = 2*j**3 - 7*j**2 + 4. Is h(c) prime?
True
Let o(h) = -20*h - 79. Is o(-11) a composite number?
True
Suppose -617 = -5*g - 3*k, -2*k + k - 601 = -5*g. Is g prime?
False
Let v(z) = 8*z**3 + 7*z**2 - 4. Let b(y) = 23*y**3 + 20*y**2 - 11. Let a(h) = 6*b(h) - 17*v(h). Is a(3) composite?
True
Is 1*(-1)/((-1)/49) prime?
False
Let p(r) = 9*r - 1. Let g be p(2). Let n be -5*(256/10)/(-1). Suppose -3*t = g - n. Is t a composite number?
False
Suppose 5*c + 16 = -2*a + 3*a, c = -4*a + 43. Suppose 2*f - a = b + 12, -2*b = 4*f - 34. Is f composite?
True
Let m be (4/(-6))/((-8)/60). Suppose 0 = -2*x + u - 2, m*x + 2*u = -6 + 1. Is (-5)/(3/39*x) a composite number?
True
Suppose -13 = 3*d - 22. Suppose d*k - 15 = 0, -6*k - 62 = -h - 3*k. Is h prime?
False
Suppose -v + 5 = -22. Suppose 0 = -i - 5*b + v, 5*b = i + 2*i - 1. Suppose -4*o = -c + 57, 3*c - 4*o + 128 = i*c. Is c a composite number?
False
Let s(h) = -2*h**3 - h**2 + 2*h - 3. Is s(-6) prime?
False
Let x = -706 + 1047. Is x a composite number?
True
Is 2/((-4832)/26818 - 4/(-22)) prime?
False
Suppose -9*w + 1189 = -710. Is w prime?
True
Suppose 4*w + 116 = 824. Is w a prime number?
False
Suppose 5*s = -4*a + 160, 2*s - 3*a + 6*a = 64. Let p = s + 1. Is p a prime number?
False
Suppose -5*y - 140 = -3*f, 0*y = -5*f + 2*y + 265. Is f a prime number?
False
Suppose -4*i = -10 - 34. Suppose -3*d + i = 2. Suppose b - d*b + 102 = 0. Is b prime?
False
Let h = 2917 - 399. Is h prime?
False
Let c(n) = -n + 2. Suppose -3*a = -6*a. Let x be c(a). Suppose -z - x*y = -5, 6*z - z = -y + 34. Is z prime?
True
Suppose -39 + 4 = -l. Is l prime?
False
Let a(f) = -2*f - 8. Let r(d) = d - 6. Let u be r(0). Let p be a(u). Suppose -p*j = 4*i - 0*i - 40, -3*j + 3*i = -12. Is j a composite number?
False
Let o be (12/(-5))/((-2)/5). Let p = o - 3. Suppose a = p*a - 154. Is a a prime number?
False
Suppose -4*x - x + 2035 = 0. Is x composite?
True
Let r = -1939 + 3862. Is r a composite number?
True
Let i be (-2)/(-4) + 3/(-6). Suppose l = -4*z - 427 + 2079, i = -3*l. Is z composite?
True
Let g = 93 - -60. Suppose -4*u + 46 = h, -3*h + g = -5*u - 70. Suppose -h - 160 = -2*b. Is b composite?
False
Suppose 4*r = -0*r + 56. Is r a composite number?
True
Let j(o) = -o**2 - 8*o - 3. Let r be j(-7). Suppose 0 = -2*k + r*k - 38. Is k a prime number?
True
Let q(o) = -o**2 - 8*o - 5. Suppose -2*a + 4*u - 3*u - 14 = 0, 4*u = -3*a - 32. Let l be q(a). Let w = 9 + l. Is w a composite number?
True
Suppose 0 = 3*u - 9 - 3. Suppose 3*x + 0*x = 0. Suppose x = y + u*y - 125. Is y composite?
True
Is (-41680)/32*(-12)/10 prime?
False
Let c = 2476 + -1217. Is c a prime number?
True
Suppose -5*c + 34 = 14, 136 = 3*b - 2*c. Let l = 125 - b. Is l prime?
False
Let z(b) = b**2 + b + 89. Is z(0) a prime number?
True
Suppose 5*x = x + 1652. Is x a prime number?
False
Is 2/7 + 480858/98 a prime number?
False
Let y(v) = v**3 - 7*v**2 + 8*v - 2. Let x(a) = 3*a**2 - 1. Let n be x(1). Suppose n*o - 3*l = 3, 0 = -2*o - 2*l - 0 + 18. Is y(o) a prime number?
False
Suppose -633 = -5*n + 22. Is n prime?
True
Let p be (1 - 0/(-3))*-8. Is 12/p*248/(-6) composite?
True
Suppose 120 = -d + 3*d. Let a = 133 - d. Suppose -17 + a = 4*h. Is h prime?
False
Let f be 3/9*15/1. Let q(m) = -m**2 + 10*m - 1. Let z be q(f). Is (-3)/(1 - z/21) prime?
False
Suppose i + 27 = 2*i + 2*l, 3*i - 99 = 3*l. Is i a composite number?
False
Let n be 1824/(-20) + (-1)/(-5). Let q = 348 + n. Is q composite?
False
Suppose 7*f = 4*f. Suppose f*j + 106 = 2*j. Is j a composite number?
False
Suppose -29*n = -24*n - 395. Is n a composite number?
False
Let y(c) = -c**3 + 14*c**2 - 9*c + 19. Is y(13) prime?
True
Suppose 4*i - 4 = 0, -s + i - 9 = 3*s. Let w be 57/s + 2/(-4). Is w/(-4) - 2/8 a prime number?
True
Let k(p) = 3 + 2*p + 6*p**2 - p**2 + 3. Let u be k(-4). Is u/4 + 4/(-8) prime?
True
Let k(v) be the second derivative of 23*v**3/2 + 2*v. Is k(1) prime?
False
Is (-690308)/(-684) + 1 + (-11)/9 prime?
True
Let l = -2749 + 4271. Is l composite?
True
Let u = 599 - 403. Let k = u - 101. Is k a prime number?
False
Is -4 - ((-2)/(-3))/((-2)/933) prime?
True
Suppose o + j = 0, -4*o = -j + 3*j + 4. Is -3*(o - (-32)/(-6)) a composite number?
True
Suppose 14 + 1 = 5*l. Suppose 0 = -l*g + 6*g - 201. Is g prime?
True
Suppose 5*h - 5*v = -145, 60 = -2*h + v + 3*v. Let g = 27 - h. Is g composite?
True
Let s be 1/((-2)/(-88))*-5. Suppose 0 = -4*y - b - 526, b - 8 = 5*b. Let r = y - s. Is r a composite number?
False
Suppose -4*p - 2*l + 28 = 2*l, 3*p - 25 = -5*l. Suppose 15 = -3*n, p*u + 5*n - 43 = -3. Is u prime?
True
Let k(o) = -2*o**3 - 5*o**2 + o - 5. Let w be (4/6)/(2/(-18)). Let v be k(w). Suppose 2*u - 3*u - p = -75, 3*u = p + v. Is u composite?
False
Let j(z) = 4*z**2 + z - 4. Let u be j(-4). Suppose 3*p - u = -p. Let f = p + -7. Is f composite?
False
Let r = 10 - 7. Is 38 - r/(-3 - -4) composite?
True
Suppose 9*m - 7*m = 94. Is m a composite number?
False
Suppose -248 = 2*l - 6*l. Suppose -3*h = 4*u + 176, u - 228 = 3*h - l. Is h/6*(-9)/6 composite?
True
Suppose -2*n + 277 + 69 = 0. Let l = -106 + n. Is l a composite number?
False
Let p(s) = -2*s**2 - 13 + s**2 + 6*s - s**2 + 3*s**2. Let b be p(-10). Let u = b - 12. Is u composite?
True
Suppose 2*x - 2 = -2*v, -2*v = -5*v - 4*x. Let j be ((-8)/5)/(v/(-10)). Is -1*287*(3 - j) a prime number?
False
Is -2*(-16 + -3) + 0 a composite number?
True
Suppose 3*v - 770 = v. Suppose -r = -2*p - v, 3*p + 9 = -6. Let q = r + -218. Is q a prime number?
True
Let i(y) = 17*y**3 + 6*y**2 - 19*y - 13. Let g(x) = -8*x**3 - 3*x**2 + 9*x + 6. Let m(s) = -13*g(s) - 6*i(s). Is m(2) composite?
True
Let k(q) = 14*q**2 - 3*q + 1. Is k(6) prime?
True
Suppose 0 = -5*a + 16631 + 2334. Is a a prime number?
True
Suppose -h = h - 10. Let t(a) = -a**3 + 9*a**2 - 4*a - 3. Is t(h) composite?
True
Suppose 5*h + 5*v + 445 = 0, h = -0*h - 5*v - 97. Let q = 122 + h. Is q composite?
True
Suppose -1 = l - 6. Suppose -l*m = -5*d + 370, -5*m + 2*m - 64 = -d. Is d composite?
False
Suppose 4*b - 5*h = 1500, h = -b - 2*h + 392. Suppose -5*g + 955 + b = 0. Is g prime?
False
Suppose -o - 5*z = -7753, 3*z = -5*o - 2*z + 38805. Is o a prime number?
False
Let v(w) = -25*w - 16. Is v(-9) a prime number?
False
Let h = -7 - -38. Is h a composite number?
False
Suppose 53 = -4*h - 27. Let a = h + 75. Is a a prime number?
False
Let m(n) = n**2 - 2*n - 3. Let s be m(4). Suppose s*u + 0*u = 955. Is u prime?
True
Let b = 2 + -3. Let t be (-26)/(-6) - b/(-3). Suppose -t*g + 68 + 8 = 0. Is g a prime number?
True
Let s be 6/(2*(-1)/(-6)). Let m(z) = 4*z**2 - 6*z + 7. Let c be m(5). Suppose -c = -f - s. Is f a prime number?
True
Suppose -1099 = -4*s - j, -5*s + 3*s = 4*j - 560. Is s composite?
True
Let q be 1/1*(102 - 7). Let x = q - 42. Is x composite?
False
Suppose 4*y + 5 + 59 = 0. Let r = 29 + y. Let u = r + -6. Is u composite?
False
Is ((-1)/3)/((-5)/2085) a prime number?
True
Suppose -5*n + n - 3*s = -4, -5*s - 28 = -2*n. Suppose -n*p + 3*p + 23 = 0. Is p composite?
False
Let z = 6 + -3. Let h = -7 - z. Let p = h - -17. Is p a prime number?
True
Let o(m) = m**3 + m**2 + 3*m + 83. Is o(0) a prime number?
True
Let s(z) = -2 - 2*z - 4*z - 3 + 3*z + 2*z**2. Is s(-6) a composite number?
True
Suppose -2*j - 14 = -4*h - 0*j, -2*h + 4 = 2*j. Let f be h + -3 - (-20)/(-2). Is 4/f - 474/(-10) composite?
False
Let x(m) = 56*m**3 + 4*m**2 - 4*m + 2. Is x(2) a prime number?
False
Le